in base 4?
2100112301
Convert a30d (base 16) to base 12.
201a5
What is 332165 (base 8) in base 3?
12200021021
What is 201022211021 (base 3) in base 12?
16418a
What is 75847 (base 10) in base 8?
224107
Convert -335146 (base 11) to base 7.
-4352365
e74c1 (base 16) to base 12
398315
Convert -214483 (base 11) to base 9.
-572013
What is 1120964 (base 10) in base 15?
17220e
What is -1b1a46 (base 12) in base 10?
-480150
What is -26146512 (base 8) in base 16?
-58cd4a
What is -123321021 (base 4) in base 2?
-11011111001001001
5bb0d0 (base 14) to base 8
13770656
Convert 12244223 (base 5) to base 11.
81199
What is -805494 (base 10) in base 12?
-32a186
Convert 13141 (base 6) to base 7.
5563
-28a7e (base 15) to base 11
-8a155
Convert -1001001000100000101100 (base 2) to base 14.
-464712
Convert 313526 (base 8) to base 14.
2a006
What is -127462 (base 9) in base 15?
-1801e
Convert -100134604 (base 7) to base 8.
-26055421
Convert 234670 (base 12) to base 3.
1001211210010
What is 75af8 (base 16) in base 2?
1110101101011111000
10001011011100100001 (base 2) to base 11
360145
What is -391963 (base 12) in base 3?
-1202120020210
-7433170 (base 10) to base 2
-11100010110101111010010
What is 64851 (base 16) in base 7?
3333243
Convert -204a21 (base 14) to base 11.
-683989
What is 2634221 (base 9) in base 6?
50510244
What is -311967 (base 13) in base 8?
-4276603
What is b0689b (base 14) in base 10?
5934233
Convert -12acc (base 15) to base 4.
-32212221
Convert 3451451 (base 6) to base 8.
533427
334240230 (base 5) to base 2
101101000101110111101
24334 (base 15) to base 6
2250334
What is -33716 (base 8) in base 9?
-21533
Convert -14338 (base 13) to base 10.
-37903
What is 3b21a95 (base 12) in base 11?
6699368
Convert 11221222110020 (base 3) to base 14.
4c909d
What is a8a74 (base 15) in base 5?
114114414
Convert -1026b4 (base 13) to base 7.
-3126453
342325110 (base 6) to base 11
35a9513
-1f1aa7 (base 16) to base 12
-82379b
What is 706264 (base 8) in base 9?
384085
What is 16080675 (base 9) in base 8?
36471121
What is 125154 (base 8) in base 3?
2012211212
What is -22778 (base 10) in base 13?
-a4a2
Convert -11011101100100010011 (base 2) to base 5.
-213020124
266a3 (base 13) to base 4
101130123
-112100002111 (base 3) to base 10
-282190
Convert 4a3900 (base 11) to base 9.
1442436
23c2a (base 16) to base 3
21102220222
-543201452 (base 6) to base 16
-939c08
Convert 84a67 (base 16) to base 13.
160400
What is -2a7ee (base 15) in base 5?
-13334144
Convert -450164 (base 8) to base 16.
-25074
What is -25846 (base 14) in base 12?
-4541a
What is -2220433 (base 5) in base 8?
-113724
Convert -12033333 (base 7) to base 12.
-435750
Convert -745624 (base 8) to base 10.
-248724
Convert -307161 (base 10) to base 7.
-2416341
What is 300222300 (base 5) in base 13?
323c62
What is 79841 (base 15) in base 14?
a0c71
Convert -215354 (base 7) to base 16.
-941c
What is -33230021 (base 4) in base 6?
-1213305
Convert -110090 (base 12) to base 16.
-41d6c
Convert 2014210141 (base 5) to base 14.
77748c
Convert -3645a7 (base 14) to base 16.
-1c5247
What is 10011101110011111000011 (base 2) in base 14?
988751
Convert 112881 (base 16) to base 15.
1732a6
What is 2dc64d (base 15) in base 13?
5c8bca
Convert -10306271 (base 8) to base 6.
-115043121
Convert -110222102111 (base 3) to base 15.
-50a5a
Convert -11503570 (base 8) to base 6.
-130042012
Convert 403000 (base 8) to base 6.
2501532
Convert 44149 (base 14) to base 16.
28425
What is -1a468 (base 12) in base 3?
-1222001022
Convert -3472022 (base 9) to base 14.
-36c536
What is -112102210110 (base 3) in base 7?
-2262312
897a2 (base 12) to base 9
307385
What is 312302001320 (base 4) in base 6?
1231444412
Convert 2444411111 (base 5) to base 4.
112111330013
Convert 22030312 (base 4) to base 2.
1010001100110110
What is 4199896 (base 12) in base 3?
212022210101220
Convert -1221312013 (base 4) to base 16.
-69d87
Convert -52301 (base 15) to base 11.
-168835
Convert 20030504 (base 6) to base 16.
89ae8
Convert -1c86465 (base 13) to base 14.
-139d198
Convert 111011001110110110 (base 2) to base 5.
30230424
-90209 (base 12) to base 9
-314360
Convert 3300c3 (base 16) to base 7.
40260663
-1641894 (base 12) to base 8
-21323660
529831 (base 12) to base 11
80a546
What is 825538 (base 11) in base 13?
375125
Convert 103997 (base 14) to base 15.
ac553
-1395e2 (base 16) to base 15
-1a54a4
-14ffa8 (base 16) to base 5
-323014133
200122000 (base 3) to base 14
4d41
Convert -272a0ca (base 13) to base 9.
-25175201
Convert -21101201001200 (base 3) to base 5.
-2001241223
3113146 (base 7) to base 8
1331023
Convert 242430112 (base 5) to base 16.
1162cf
-22302011 (base 4) to base 12
-21685
Convert -2001020222210 (base 3) to base 13.
-2c10b4
-11422022 (base 5) to base 16
-1a4f2
What is 10100011100100111 (base 2) in base 12?
40573
What is 111011010010101000 (base 2) in base 13?
86703
Convert 5065da (base 15) to base 3.
21011222221021
What is 231223221323 (base 4) in base 2?
101101101011101001111011
149952 (base 10) to base 3
21121200210
What is -4c4826 (base 15) in base 9?
-6788030
What is -20c4e (base 15) in base 14?
-29ca4
Convert 42361131 (base 8) to base 9.
18002518
What is 1011101111001010 (base 2) in base 10?
48074
Convert cd2810 (base 15) to base 5.
10000413230
20420132 (base 5) to base 12
824a2
What is -101221144 (base 6) in base 13?
-491185
-340625 (base 7) to base 11
-41373
Convert -21b29 (base 12) to base 10.
-44817
What is 9541e (base 16) in base 15?
c1223
-40146412 (base 7) to base 11
-196a55a
Convert -10312120113 (base 4) to base 9.
-2346826
What is -58324 (base 16) in base 6?
-11424244
2fa562 (base 16) to base 5
1244410110
-102447a (base 12) to base 9
-5635254
What is -1182095 (base 10) in base 12?
-4900bb
-78a4e (base 15) to base 4
-1131223103
-236640 (base 8) to base 12
-3b080
What is -2456256 (base 10) in base 7?
-26610045
What is 11022122100211 (base 3) in base 12?
92877a
-7152870 (base 9) to base 5
-1434022420
What is 2142441 (base 6) in base 5?
11404443
Convert 11aa5 (base 12) to base 14.
8a85
What is -282374 (base 9) in base 2?
-101010000101000010
What is 152033200 (base 6) in base 12?
1092800
-1252045 (base 7) to base 5
-20221422
Convert -12200165 (base 7) to base 3.
-2001111200212
What is -24550230 (base 6) in base 8?
-3012612
Convert 10010122102 (base 3) to base 14.
186b8
218693 (base 11) to base 4
1111000323
What is 646a2c (base 15) in base 8?
22172354
What is 14523535 (base 6) in base 7?
4216424
-332144021 (base 5) to base 6
-50535300
-148c07 (base 13) to base 11
-315586
6262336 (base 8) to base 6
55400422
What is 3463663 (base 7) in base 12?
190351
Convert -1000111101100011101000 (base 2) to base 14.
-452224
Convert -4075102 (base 9) to base 4.
-20103012323
What is -10000011001001110100 (base 2) in base 5?
-114142304
210103112 (base 4) to base 5
14224234
Convert -1512301 (base 6) to base 4.
-111111031
What is -12340120 (base 5) in base 2?
-11101100111000101
219ba0 (base 15) to base 10
1602375
What is 1280172 (base 12) in base 3?
20212102112112
4f832 (base 16) to base 10
325682
What is 20211110011 (base 3) in base 9?
224404
-8352345 (base 9) to base 7
-52636211
-113110103 (base 4) to base 7
-545306
Convert -34023202 (base 5) to base 6.
-10222104
What is 2866087 (base 10) in base 6?
141232531
What is 10abba (base 13) in base 7?
3234256
Convert 213102001 (base 4) to base 7.
1240042
1100110101011000000 (base 2) to base 14
ad38c
Convert 2002022001 (base 3) to base 6.
514001
Convert -1034658 (base 9) to base 6.
-15515255
Convert -567848 (base 12) to base 2.
-101010001010111111000
21221010100 (base 3) to base 8
460700
Convert -2a9eb9 (base 15) to base 5.
-1011334244
Convert 3203024 (base 5) to base 16.
d10a
5097 (base 14) to base 7
55250
Convert -362720 (base 8) to base 4.
-132113100
Convert -56272 (base 9) to base 11.
-26116
Convert -3285054 (base 10) to base 15.
-44d539
What is -1111441 (base 5) in base 2?
-100110010100101
Convert -50645104 (base 7) to base 11.
-242a010
Convert -115062 (base 10) to base 7.
-656313
Convert 156d3 (base 15) to base 5.
4202143
Convert 2000012001202 (base 3) to base 9.
2005052
Convert 106435642 (base 7) to base 3.
110022122000121
Convert 1011100011000100010 (base 2) to base 10.
378402
What is 110100011001011010001 (base 2) in base 7?
20410446